{"id":118,"date":"2021-03-01T17:10:54","date_gmt":"2021-03-01T16:10:54","guid":{"rendered":"https:\/\/www.jmgeo.at:8443\/?page_id=118"},"modified":"2022-11-26T11:09:32","modified_gmt":"2022-11-26T10:09:32","slug":"ausrustung","status":"publish","type":"page","link":"https:\/\/www.jmgeo.at\/?page_id=118","title":{"rendered":"Ausr\u00fcstung"},"content":{"rendered":"<p>[et_pb_section fb_built=&#8220;1&#8243; _builder_version=&#8220;4.16&#8243; _module_preset=&#8220;default&#8220; background_color=&#8220;#FFFFFF&#8220; global_colors_info=&#8220;{}&#8220;][et_pb_row column_structure=&#8220;1_5,1_5,1_5,1_5,1_5&#8243; _builder_version=&#8220;4.16&#8243; _module_preset=&#8220;default&#8220; global_colors_info=&#8220;{}&#8220;][et_pb_column type=&#8220;1_5&#8243; _builder_version=&#8220;4.16&#8243; _module_preset=&#8220;default&#8220; global_colors_info=&#8220;{}&#8220;][et_pb_blurb title=&#8220;GEOMAX Zenith 25&#8243; image=&#8220;https:\/\/www.jmgeo.at\/wp-content\/uploads\/2021\/03\/zenith25.jpg&#8220; _builder_version=&#8220;4.19.1&#8243; _module_preset=&#8220;default&#8220; header_level=&#8220;h3&#8243; header_text_align=&#8220;center&#8220; min_height=&#8220;322.3px&#8220; custom_margin=&#8220;||20px|||&#8220; custom_padding=&#8220;||0px|||&#8220; hover_enabled=&#8220;0&#8243; global_colors_info=&#8220;{}&#8220; title_text=&#8220;zenith25&#8243; sticky_enabled=&#8220;0&#8243;]<\/p>\n<p>GPS-Empf\u00e4nger,<br \/>haupts\u00e4chliche Verwendung zur Leitungseinmessung und Festpunktmessung.<\/p>\n<p>[\/et_pb_blurb][\/et_pb_column][et_pb_column type=&#8220;1_5&#8243; _builder_version=&#8220;4.16&#8243; _module_preset=&#8220;default&#8220; global_colors_info=&#8220;{}&#8220;][et_pb_blurb title=&#8220;GEOMAX Zoom 90&#8243; image=&#8220;https:\/\/www.jmgeo.at\/wp-content\/uploads\/2021\/03\/Zoom90.jpg&#8220; _builder_version=&#8220;4.19.1&#8243; _module_preset=&#8220;default&#8220; header_level=&#8220;h3&#8243; header_text_align=&#8220;center&#8220; min_height=&#8220;439.4px&#8220; custom_margin=&#8220;||-3px|||&#8220; custom_padding=&#8220;77px|||||&#8220; hover_enabled=&#8220;0&#8243; global_colors_info=&#8220;{}&#8220; title_text=&#8220;Zoom90&#8243; sticky_enabled=&#8220;0&#8243;]<\/p>\n<p>Robotiktotalstation<\/p>\n<p>Einmann-Totalstation h\u00f6chster Genauigkeit<\/p>\n<p>Wird verwendet f\u00fcr LH-Pl\u00e4ne, Passpunktmessung, Polygonierung, Absteckungen, &#8230;<\/p>\n<p>[\/et_pb_blurb][\/et_pb_column][et_pb_column type=&#8220;1_5&#8243; _builder_version=&#8220;4.16&#8243; _module_preset=&#8220;default&#8220; global_colors_info=&#8220;{}&#8220;][et_pb_blurb title=&#8220;TOPCON DL101C&#8220; image=&#8220;https:\/\/www.jmgeo.at\/wp-content\/uploads\/2021\/03\/dl-101c.jpg&#8220; _builder_version=&#8220;4.19.1&#8243; _module_preset=&#8220;default&#8220; header_level=&#8220;h3&#8243; header_text_align=&#8220;center&#8220; min_height=&#8220;436.6px&#8220; custom_padding=&#8220;91px|||||&#8220; hover_enabled=&#8220;0&#8243; global_colors_info=&#8220;{}&#8220; title_text=&#8220;dl-101c&#8220; sticky_enabled=&#8220;0&#8243;]<\/p>\n<p>Digitales Pr\u00e4zisionsnivellier mit Barcodelatte.<\/p>\n<p>[\/et_pb_blurb][\/et_pb_column][et_pb_column type=&#8220;1_5&#8243; _builder_version=&#8220;4.16&#8243; _module_preset=&#8220;default&#8220; global_colors_info=&#8220;{}&#8220;][et_pb_blurb title=&#8220;LEICA BLK360&#8243; image=&#8220;https:\/\/www.jmgeo.at\/wp-content\/uploads\/2021\/03\/blk360.jpg&#8220; _builder_version=&#8220;4.19.1&#8243; _module_preset=&#8220;default&#8220; header_level=&#8220;h3&#8243; header_text_align=&#8220;center&#8220; custom_padding=&#8220;42px|||||&#8220; hover_enabled=&#8220;0&#8243; global_colors_info=&#8220;{}&#8220; title_text=&#8220;blk360&#8243; sticky_enabled=&#8220;0&#8243;]<\/p>\n<p>3D Laserscanner<br \/>Wird verwendet f\u00fcr Geb\u00e4ude und Objektscan.<\/p>\n<p>[\/et_pb_blurb][\/et_pb_column][et_pb_column _builder_version=&#8220;4.19.1&#8243; _module_preset=&#8220;default&#8220; type=&#8220;1_5&#8243;][et_pb_blurb title=&#8220;LEICA BLK2GO&#8220; image=&#8220;https:\/\/www.jmgeo.at\/wp-content\/uploads\/2022\/11\/BLK2GO.png&#8220; _builder_version=&#8220;4.19.1&#8243; _module_preset=&#8220;default&#8220; header_level=&#8220;h3&#8243; header_text_align=&#8220;center&#8220; custom_padding=&#8220;42px|||||&#8220; hover_enabled=&#8220;0&#8243; global_colors_info=&#8220;{}&#8220; title_text=&#8220;BLK2GO&#8220; sticky_enabled=&#8220;0&#8243; locked=&#8220;off&#8220;]<\/p>\n<p>Tragbarer 3D Laserscanner<br \/>Wird verwendet f\u00fcr Geb\u00e4ude und Objektscan.<\/p>\n<p>[\/et_pb_blurb][\/et_pb_column][\/et_pb_row][\/et_pb_section]<\/p>\n","protected":false},"excerpt":{"rendered":"<p>GPS-Empf\u00e4nger,haupts\u00e4chliche Verwendung zur Leitungseinmessung und Festpunktmessung.Robotiktotalstation Einmann-Totalstation h\u00f6chster Genauigkeit Wird verwendet f\u00fcr LH-Pl\u00e4ne, Passpunktmessung, Polygonierung, Absteckungen, &#8230;Digitales Pr\u00e4zisionsnivellier mit Barcodelatte.3D LaserscannerWird verwendet f\u00fcr Geb\u00e4ude und Objektscan.Tragbarer 3D LaserscannerWird verwendet f\u00fcr Geb\u00e4ude und Objektscan.<\/p>\n","protected":false},"author":4,"featured_media":0,"parent":0,"menu_order":0,"comment_status":"closed","ping_status":"closed","template":"","meta":{"_et_pb_use_builder":"on","_et_pb_old_content":"","_et_gb_content_width":"","footnotes":""},"class_list":["post-118","page","type-page","status-publish","hentry"],"_links":{"self":[{"href":"https:\/\/www.jmgeo.at\/index.php?rest_route=\/wp\/v2\/pages\/118","targetHints":{"allow":["GET"]}}],"collection":[{"href":"https:\/\/www.jmgeo.at\/index.php?rest_route=\/wp\/v2\/pages"}],"about":[{"href":"https:\/\/www.jmgeo.at\/index.php?rest_route=\/wp\/v2\/types\/page"}],"author":[{"embeddable":true,"href":"https:\/\/www.jmgeo.at\/index.php?rest_route=\/wp\/v2\/users\/4"}],"replies":[{"embeddable":true,"href":"https:\/\/www.jmgeo.at\/index.php?rest_route=%2Fwp%2Fv2%2Fcomments&post=118"}],"version-history":[{"count":11,"href":"https:\/\/www.jmgeo.at\/index.php?rest_route=\/wp\/v2\/pages\/118\/revisions"}],"predecessor-version":[{"id":545,"href":"https:\/\/www.jmgeo.at\/index.php?rest_route=\/wp\/v2\/pages\/118\/revisions\/545"}],"wp:attachment":[{"href":"https:\/\/www.jmgeo.at\/index.php?rest_route=%2Fwp%2Fv2%2Fmedia&parent=118"}],"curies":[{"name":"wp","href":"https:\/\/api.w.org\/{rel}","templated":true}]}}