{"id":61,"date":"2021-02-28T18:10:39","date_gmt":"2021-02-28T17:10:39","guid":{"rendered":"https:\/\/www.jmgeo.at:8443\/?page_id=61"},"modified":"2022-12-18T21:04:18","modified_gmt":"2022-12-18T20:04:18","slug":"aufgabenbereiche","status":"publish","type":"page","link":"https:\/\/www.jmgeo.at\/?page_id=61","title":{"rendered":"Aufgabenbereiche"},"content":{"rendered":"<p>[et_pb_section fb_built=&#8220;1&#8243; _builder_version=&#8220;4.16&#8243; _module_preset=&#8220;default&#8220; background_enable_image=&#8220;off&#8220; global_colors_info=&#8220;{}&#8220;][et_pb_row _builder_version=&#8220;4.16&#8243; _module_preset=&#8220;default&#8220; background_image=&#8220;https:\/\/www.jmgeo.at:8443\/wp-content\/uploads\/2021\/03\/Quellenstr-001.jpg&#8220; background_size=&#8220;initial&#8220; background_position=&#8220;center_left&#8220; width=&#8220;100%&#8220; animation_style=&#8220;zoom&#8220; hover_enabled=&#8220;0&#8243; global_colors_info=&#8220;{}&#8220; sticky_enabled=&#8220;0&#8243;][et_pb_column type=&#8220;4_4&#8243; _builder_version=&#8220;4.16&#8243; _module_preset=&#8220;default&#8220; global_colors_info=&#8220;{}&#8220;][et_pb_accordion open_toggle_background_color=&#8220;#dddddd&#8220; closed_toggle_background_color=&#8220;RGBA(0,0,0,0)&#8220; _builder_version=&#8220;4.19.4&#8243; _module_preset=&#8220;default&#8220; toggle_level=&#8220;h1&#8243; toggle_font=&#8220;|600|||||||&#8220; toggle_text_align=&#8220;center&#8220; closed_toggle_text_align=&#8220;left&#8220; closed_toggle_font_size=&#8220;17px&#8220; body_text_color=&#8220;#000000&#8243; background_image=&#8220;https:\/\/www.jmgeo.at\/wp-content\/uploads\/2021\/03\/Quellenstr-001.jpg&#8220; custom_margin=&#8220;|||0px||&#8220; animation_style=&#8220;fade&#8220; animation_delay=&#8220;1000ms&#8220; hover_enabled=&#8220;0&#8243; toggle_text_shadow_style=&#8220;preset1&#8243; border_radii=&#8220;on|10px|10px|10px|10px&#8220; border_color_all=&#8220;RGBA(0,0,0,0)&#8220; global_colors_info=&#8220;{}&#8220; sticky_enabled=&#8220;0&#8243;][et_pb_accordion_item title=&#8220;LAGEPLAN&#8220; open=&#8220;on&#8220; _builder_version=&#8220;4.16&#8243; _module_preset=&#8220;default&#8220; global_colors_info=&#8220;{}&#8220;]<\/p>\n<p style=\"text-align: center;\">Ein Lageplan dient zur planlichen Darstellung nat\u00fcrlicher Gegebenheiten ohne R\u00fccksichtnahme auf die H\u00f6henlage.<\/p>\n<p style=\"text-align: left;\">Er beinhaltet je nach Vereinbarung:<\/p>\n<ul>\n<li>Geb\u00e4udegrenzen (aufgehendes Mauerwerk, Mauerwerk in 1m H\u00f6he, &#8230;)<\/li>\n<li>Einfriedungen (Mauern, Z\u00e4une, Mauerz\u00e4une, &#8230;)<\/li>\n<li>Einbauten oberirdisch (Kanaldeckel, Einlaufgitter, Hydranten, Energieversorgerk\u00e4sten, Beleuchtung, &#8230;)<\/li>\n<li>Einbauten unterirdisch (Einarbeitung von Versorgerpl\u00e4nen)<\/li>\n<li>Randlinien (Gehsteig, Saum, &#8230;)<\/li>\n<li>Baumbestand und sonstige Objekte<\/li>\n<\/ul>\n<p>[\/et_pb_accordion_item][et_pb_accordion_item title=&#8220;LAGE- &#038; H\u00d6HENPLAN&#8220; _builder_version=&#8220;4.16&#8243; _module_preset=&#8220;default&#8220; global_colors_info=&#8220;{}&#8220; open=&#8220;off&#8220;]<\/p>\n<p style=\"text-align: center;\">Ein Lage- und H\u00f6henplan dient zur planlichen Darstellung nat\u00fcrlicher Gegebenheiten mit besonderer Beachtung der H\u00f6henlage.<\/p>\n<p>Er beinhaltet je nach Vereinbarung:<\/p>\n<ul>\n<li>H\u00f6henkanten (Gehsteige, B\u00f6schungen, div. Gel\u00e4ndespr\u00fcnge, &#8230;)<\/li>\n<li>H\u00f6henpunkte (als Raster im nahezu ebenen Gel\u00e4nde, &#8230;)<\/li>\n<li>Geb\u00e4udegrenzen (aufgehendes Mauerwerk, Mauerwerk in 1m H\u00f6he, &#8230;)<\/li>\n<li>Einfriedungen (Mauern mit MOK (Maueroberkante), Z\u00e4une, Mauerz\u00e4une, &#8230;)<\/li>\n<li>Einbauten oberirdisch (Kanaldeckel, Einlaufgitter, Hydranten, Energieversorgerk\u00e4sten, Beleuchtung, &#8230;)<\/li>\n<li>Einbauten unterirdisch (Einarbeitung von Versorgerpl\u00e4nen)<\/li>\n<li>Randlinien (Saum, &#8230;)<\/li>\n<li>Baumbestand und sonstige Objekte<\/li>\n<\/ul>\n<p>[\/et_pb_accordion_item][et_pb_accordion_item title=&#8220;3D SCAN&#8220; _builder_version=&#8220;4.16&#8243; _module_preset=&#8220;default&#8220; global_colors_info=&#8220;{}&#8220; open=&#8220;off&#8220;]<\/p>\n<p>3 dimensionaler Laserscan von Geb\u00e4uden oder gr\u00f6\u00dferen Gegenst\u00e4nden inklusive Verkn\u00fcpfung der einzelnen Scanstationen zu einer 3D Punktewolke.<\/p>\n<ul>\n<li>Raum- oder Wohnungsscan<\/li>\n<li>Gesamter Geb\u00e4udescan inkl. Stiegenhaus<\/li>\n<li>Fassadenscan und\/oder Dachscan<\/li>\n<li>Objektscan<\/li>\n<\/ul>\n<p>Lieferung als Punktwolke Format e57 oder im Format Scalypso inkl Freeware<\/p>\n<p>[\/et_pb_accordion_item][et_pb_accordion_item title=&#8220;BESTANDSPLAN&#8220; _builder_version=&#8220;4.16&#8243; _module_preset=&#8220;default&#8220; global_colors_info=&#8220;{}&#8220; open=&#8220;off&#8220;]<\/p>\n<p>Ein Geb\u00e4udebestandsplan beinhaltet je nach Vereinbarung:<\/p>\n<ul>\n<li>geb\u00e4uderelevante Objekte inkl. Dimensionen (Mauern, T\u00fcren, Fenster, Stiegen, Unterz\u00fcge, Bodenbel\u00e4ge, &#8230;)<\/li>\n<li>Fl\u00e4chenausma\u00dfe der einzelnen R\u00e4ume (zur Steigerung der \u00dcbersichtlichkeit werden keine Sperrma\u00dfe eingetragen)<\/li>\n<\/ul>\n<p>Weiters kann geordert werden:<\/p>\n<ul>\n<li>Hauptsperrma\u00dfe<\/li>\n<li>Schnittdarstellungen durch das Geb\u00e4ude<\/li>\n<li>Fassadenaufnahme (detailreich oder generalisiert)<\/li>\n<li>Au\u00dfenaufnahme (Geb\u00e4udeumfahrung, Gehsteig, Hof, Einbauten, &#8230;)<\/li>\n<\/ul>\n<p>[\/et_pb_accordion_item][et_pb_accordion_item title=&#8220;ABSTECKUNG&#8220; _builder_version=&#8220;4.16&#8243; _module_preset=&#8220;default&#8220; global_colors_info=&#8220;{}&#8220; open=&#8220;off&#8220;]<\/p>\n<p>Ersichtlichmachung von Objekten, Achsen, Grenzen, &#8230; in der Natur durch entsprechendes Vermarkungsmaterial (Rohr, N\u00e4gel, Schlagmarken, Sichtlatten, Farbmarken, &#8230;).<\/p>\n<p>[\/et_pb_accordion_item][et_pb_accordion_item title=&#8220;LEITUNGSAUFNAHME&#8220; _builder_version=&#8220;4.16&#8243; _module_preset=&#8220;default&#8220; global_colors_info=&#8220;{}&#8220; open=&#8220;off&#8220;]<\/p>\n<p>Leitungsaufnahme bei offener K\u00fcnette mit Angabe relevanter Bezeichnungen und Dimensionen.<\/p>\n<p>[\/et_pb_accordion_item][et_pb_accordion_item title=&#8220;PR\u00c4ZISIONSNIVELLEMENT&#8220; _builder_version=&#8220;4.16&#8243; _module_preset=&#8220;default&#8220; global_colors_info=&#8220;{}&#8220; open=&#8220;off&#8220;]<\/p>\n<p>H\u00f6henbestimmung und -\u00fcbertragung h\u00f6chster Genauigkeit (mittels digitalem Nivellier und Barcodelatte).<\/p>\n<p>[\/et_pb_accordion_item][et_pb_accordion_item title=&#8220;DEFORMATIONSMESSUNGEN&#8220; _builder_version=&#8220;4.16&#8243; _module_preset=&#8220;default&#8220; global_colors_info=&#8220;{}&#8220; open=&#8220;off&#8220;]<\/p>\n<p>Messung von lage- und h\u00f6henm\u00e4\u00dfigen Ver\u00e4nderungen eines Objektes bezogen auf eine Urmessung (mehrere Epochen \u00fcber einen l\u00e4ngeren Zeitraum).<\/p>\n<p>[\/et_pb_accordion_item][et_pb_accordion_item title=&#8220;CAD-AUSWERTUNG&#8220; _builder_version=&#8220;4.16&#8243; _module_preset=&#8220;default&#8220; global_colors_info=&#8220;{}&#8220; open=&#8220;off&#8220;]<\/p>\n<p>Erstellung digital nutzbarer Pl\u00e4ne in den Formaten dxf, dwg, pdf.<\/p>\n<p>[\/et_pb_accordion_item][et_pb_accordion_item title=&#8220;GRUNDBUCH &#038; KATASTERABFRAGEN&#8220; _builder_version=&#8220;4.16&#8243; _module_preset=&#8220;default&#8220; global_colors_info=&#8220;{}&#8220; open=&#8220;off&#8220;]<\/p>\n<p>Abfrage und Aufbereitung der Daten aus dem Grundbuch\/DKM.<\/p>\n<p>[\/et_pb_accordion_item][et_pb_accordion_item title=&#8220;BERATUNG&#8220; _builder_version=&#8220;4.16&#8243; _module_preset=&#8220;default&#8220; global_colors_info=&#8220;{}&#8220; open=&#8220;off&#8220;]<\/p>\n<p>Beratung und unterst\u00fctzende Hilfestellungen im Bereich der Vermessung.<\/p>\n<p>[\/et_pb_accordion_item][et_pb_accordion_item title=&#8220;DATENLIEFERUNG&#8220; _builder_version=&#8220;4.16&#8243; _module_preset=&#8220;default&#8220; global_colors_info=&#8220;{}&#8220; open=&#8220;off&#8220;]<\/p>\n<p>digital: in den Formaten dxf, dwg, pdf<\/p>\n<p>3D Scan: Format e57 und Scalypso inkl. Freeware<\/p>\n<p>Papierplots: in den Formaten A4-A1<\/p>\n<p>[\/et_pb_accordion_item][\/et_pb_accordion][\/et_pb_column][\/et_pb_row][\/et_pb_section]<\/p>\n","protected":false},"excerpt":{"rendered":"<p>Ein Lageplan dient zur planlichen Darstellung nat\u00fcrlicher Gegebenheiten ohne R\u00fccksichtnahme auf die H\u00f6henlage. Er beinhaltet je nach Vereinbarung: Geb\u00e4udegrenzen (aufgehendes Mauerwerk, Mauerwerk in 1m H\u00f6he, &#8230;) Einfriedungen (Mauern, Z\u00e4une, Mauerz\u00e4une, &#8230;) Einbauten oberirdisch (Kanaldeckel, Einlaufgitter, Hydranten, Energieversorgerk\u00e4sten, Beleuchtung, &#8230;) Einbauten unterirdisch (Einarbeitung von Versorgerpl\u00e4nen) Randlinien (Gehsteig, Saum, &#8230;) Baumbestand und sonstige Objekte Ein Lage- und [&hellip;]<\/p>\n","protected":false},"author":4,"featured_media":0,"parent":0,"menu_order":0,"comment_status":"closed","ping_status":"closed","template":"","meta":{"_et_pb_use_builder":"on","_et_pb_old_content":"","_et_gb_content_width":"","footnotes":""},"class_list":["post-61","page","type-page","status-publish","hentry"],"_links":{"self":[{"href":"https:\/\/www.jmgeo.at\/index.php?rest_route=\/wp\/v2\/pages\/61","targetHints":{"allow":["GET"]}}],"collection":[{"href":"https:\/\/www.jmgeo.at\/index.php?rest_route=\/wp\/v2\/pages"}],"about":[{"href":"https:\/\/www.jmgeo.at\/index.php?rest_route=\/wp\/v2\/types\/page"}],"author":[{"embeddable":true,"href":"https:\/\/www.jmgeo.at\/index.php?rest_route=\/wp\/v2\/users\/4"}],"replies":[{"embeddable":true,"href":"https:\/\/www.jmgeo.at\/index.php?rest_route=%2Fwp%2Fv2%2Fcomments&post=61"}],"version-history":[{"count":22,"href":"https:\/\/www.jmgeo.at\/index.php?rest_route=\/wp\/v2\/pages\/61\/revisions"}],"predecessor-version":[{"id":569,"href":"https:\/\/www.jmgeo.at\/index.php?rest_route=\/wp\/v2\/pages\/61\/revisions\/569"}],"wp:attachment":[{"href":"https:\/\/www.jmgeo.at\/index.php?rest_route=%2Fwp%2Fv2%2Fmedia&parent=61"}],"curies":[{"name":"wp","href":"https:\/\/api.w.org\/{rel}","templated":true}]}}